{"id":558,"date":"2021-02-22T17:15:56","date_gmt":"2021-02-22T16:15:56","guid":{"rendered":"http:\/\/location-villa-cap-agde.com\/index.php\/politique-de-cookie\/"},"modified":"2022-11-07T11:21:44","modified_gmt":"2022-11-07T10:21:44","slug":"politique-de-cookie","status":"publish","type":"page","link":"https:\/\/location-villa-cap-agde.com\/index.php\/politique-de-cookie\/","title":{"rendered":"Politique de cookie"},"content":{"rendered":"<p>Ce site utilise des cookies &#8211; de petits fichiers texte qui sont plac\u00e9s sur votre machine pour aider le site \u00e0 fournir une meilleure exp\u00e9rience utilisateur. En g\u00e9n\u00e9ral, les cookies sont utilis\u00e9s pour conserver les pr\u00e9f\u00e9rences de l&rsquo;utilisateur, stocker des informations pour des choses comme les paniers d&rsquo;achat et fournir des donn\u00e9es de suivi anonymis\u00e9es \u00e0 des applications tierces comme Google Analytics. En r\u00e8gle g\u00e9n\u00e9rale, les cookies rendront votre exp\u00e9rience de navigation meilleure. Toutefois, vous pouvez pr\u00e9f\u00e9rer d\u00e9sactiver les cookies sur ce site et sur d&rsquo;autres. Le moyen le plus efficace consiste \u00e0 d\u00e9sactiver les cookies dans votre navigateur. Nous vous sugg\u00e9rons de consulter la section Aide de votre navigateur ou de consulter le site Web <a href=\"http:\/\/www.aboutcookies.org\">\u00c0 propos des cookies<\/a> (en anglais) qui propose des conseils pour tous les navigateurs modernes.<\/p>\n\n\n<p><strong>\u00c0 propos de cette politique de cookies<\/strong><br>Cette politique en mati\u00e8re de cookies explique ce que sont les cookies et comment nous les utilisons, les types de cookies que nous utilisons, c\u2019est-\u00e0-dire les informations que nous collectons \u00e0 l\u2019aide de cookies et comment ces informations sont utilis\u00e9es, et comment contr\u00f4ler les pr\u00e9f\u00e9rences de cookies. Pour plus d\u2019informations sur la fa\u00e7on dont nous utilisons, stockons et gardons vos donn\u00e9es personnelles en s\u00e9curit\u00e9, consultez notre politique de confidentialit\u00e9.Vous pouvez \u00e0 tout moment modifier ou retirer votre consentement \u00e0 la d\u00e9claration relative aux cookies sur notre site WebEn savoir plus sur qui nous sommes, comment vous pouvez nous contacter , et comment nous traitons les donn\u00e9es personnelles dans notre politique de confidentialit\u00e9. Votre consentement s\u2019applique aux domaines suivants: location-villa-cap-agde.com<br><strong>Que sont les cookies ?<\/strong><br>Les cookies sont de petits fichiers texte utilis\u00e9s pour stocker de petites informations. Ils sont stock\u00e9s sur votre appareil lorsque le site Web est charg\u00e9 sur votre navigateur. Ces cookies nous aident \u00e0 faire fonctionner correctement le site Web, \u00e0 le rendre plus s\u00e9curis\u00e9, \u00e0 offrir une meilleure exp\u00e9rience utilisateur, \u00e0 comprendre comment le site Web fonctionne et \u00e0 analyser ce qui fonctionne et o\u00f9 il doit \u00eatre am\u00e9lior\u00e9.<br><strong>Comment utilisons-nous les cookies ?<\/strong><br>Comme la plupart des services en ligne, notre site Web utilise des cookies propri\u00e9taires et tiers \u00e0 plusieurs fins. Les cookies de premi\u00e8re partie sont principalement n\u00e9cessaires au bon fonctionnement du site Web et ils ne collectent aucune de vos donn\u00e9es personnellement identifiables.<\/p>\n\n\n\n<p>Les cookies tiers utilis\u00e9s sur notre site Web servent principalement \u00e0 comprendre comment le site Web fonctionne, comment vous interagissez avec notre site Web, \u00e0 garder nos services s\u00e9curis\u00e9s, \u00e0 fournir des publicit\u00e9s pertinentes pour vous et, dans l\u2019ensemble, \u00e0 vous fournir un utilisateur meilleur et am\u00e9lior\u00e9. exp\u00e9rience et aide \u00e0 acc\u00e9l\u00e9rer vos futures interactions avec notre site Web.<\/p>\n\n\n\n<p><strong>Quels types de cookies utilisons-nous ?<\/strong><br><strong>Essentiel:&nbsp;<\/strong>certains cookies sont essentiels pour que vous puissiez profiter de toutes les fonctionnalit\u00e9s de notre site. Ils nous permettent de maintenir les sessions utilisateurs et de pr\u00e9venir toute menace de s\u00e9curit\u00e9. Ils ne collectent ni ne stockent aucune information personnelle. Par exemple, ces cookies vous permettent de vous connecter \u00e0 votre compte et d\u2019ajouter des produits \u00e0 votre panier, et de commander en toute s\u00e9curit\u00e9.<\/p>\n\n\n\n<p><strong>Statistiques :&nbsp;<\/strong>ces cookies stockent des informations telles que le nombre de visiteurs sur le site Web, le nombre de visiteurs uniques, les pages du site Web visit\u00e9es, la source de la visite, etc. Ces donn\u00e9es nous aident \u00e0 comprendre et \u00e0 analyser les performances du site Web. et l\u00e0 o\u00f9 elle doit \u00eatre am\u00e9lior\u00e9e.<\/p>\n\n\n\n<p><strong>Marketing :<\/strong>&nbsp;Notre site Web affiche des publicit\u00e9s. Ces cookies sont utilis\u00e9s pour personnaliser les publicit\u00e9s que nous vous montrons afin qu\u2019elles soient significatives pour vous. Ces cookies nous aident \u00e9galement \u00e0 suivre l\u2019efficacit\u00e9 de ces campagnes publicitaires.<br>Les informations stock\u00e9es dans ces cookies peuvent \u00e9galement \u00eatre utilis\u00e9es par les fournisseurs de publicit\u00e9 tiers pour vous montrer des publicit\u00e9s sur d\u2019autres sites Web sur le navigateur.<\/p>\n\n\n\n<p><strong>Fonctionnel :<\/strong>&nbsp;ce sont les cookies qui aident certaines fonctionnalit\u00e9s non essentielles de notre site Web. Ces fonctionnalit\u00e9s incluent l\u2019int\u00e9gration de contenu tel que des vid\u00e9os ou le partage de contenu du site Web sur des plateformes de m\u00e9dias sociaux.<\/p>\n\n\n\n<p><strong>Pr\u00e9f\u00e9rences :&nbsp;<\/strong>ces cookies nous aident \u00e0 stocker vos param\u00e8tres et vos pr\u00e9f\u00e9rences de navigation, telles que les pr\u00e9f\u00e9rences linguistiques, afin que vous ayez une exp\u00e9rience meilleure et efficace lors de vos futures visites sur le site.<\/p>\n\n\n\n<figure class=\"wp-block-table\"><table><thead><tr><th>COOKIE<\/th><\/tr><\/thead><tbody><tr><td>cookielawinfo-checbox-analytics<\/td><\/tr><tr><td>cookielawinfo-checbox-functional<\/td><\/tr><tr><td>cookielawinfo-checbox-others<\/td><\/tr><tr><td>cookielawinfo-checkbox-necessary<\/td><\/tr><tr><td>cookielawinfo-checkbox-performance<\/td><\/tr><tr><td>viewed_cookie_policy<\/td><\/tr><\/tbody><\/table><\/figure>\n\n\n\n<p><strong>En plus de cela,<\/strong>&nbsp;diff\u00e9rents navigateurs proposent diff\u00e9rentes m\u00e9thodes pour bloquer et supprimer les cookies utilis\u00e9s par les sites Web. Vous pouvez modifier les param\u00e8tres de votre navigateur pour bloquer \/ supprimer les cookies. Pour en savoir plus sur la gestion et la suppression des cookies, visitez wikipedia.org, www.allaboutcookies.org.<\/p>\n","protected":false},"excerpt":{"rendered":"<p>Ce site utilise des cookies &#8211; de petits fichiers texte qui sont plac\u00e9s sur votre machine pour aider le site \u00e0 fournir une meilleure exp\u00e9rience utilisateur. En g\u00e9n\u00e9ral, les cookies sont utilis\u00e9s pour conserver&#46;&#46;&#46;<\/p>\n","protected":false},"author":1,"featured_media":0,"parent":0,"menu_order":0,"comment_status":"closed","ping_status":"closed","template":"","meta":{"footnotes":""},"class_list":["post-558","page","type-page","status-publish","hentry"],"yoast_head":"<!-- This site is optimized with the Yoast SEO plugin v27.4 - https:\/\/yoast.com\/product\/yoast-seo-wordpress\/ -->\n<title>Politique de cookie - Villa Cap d&#039;Agde<\/title>\n<meta name=\"robots\" content=\"index, follow, max-snippet:-1, max-image-preview:large, max-video-preview:-1\" \/>\n<link rel=\"canonical\" href=\"https:\/\/location-villa-cap-agde.com\/index.php\/politique-de-cookie\/\" \/>\n<meta property=\"og:locale\" content=\"fr_FR\" \/>\n<meta property=\"og:type\" content=\"article\" \/>\n<meta property=\"og:title\" content=\"Politique de cookie - Villa Cap d&#039;Agde\" \/>\n<meta property=\"og:description\" content=\"Ce site utilise des cookies &#8211; de petits fichiers texte qui sont plac\u00e9s sur votre machine pour aider le site \u00e0 fournir une meilleure exp\u00e9rience utilisateur. En g\u00e9n\u00e9ral, les cookies sont utilis\u00e9s pour conserver&#046;&#046;&#046;\" \/>\n<meta property=\"og:url\" content=\"https:\/\/location-villa-cap-agde.com\/index.php\/politique-de-cookie\/\" \/>\n<meta property=\"og:site_name\" content=\"Villa Cap d&#039;Agde\" \/>\n<meta property=\"article:modified_time\" content=\"2022-11-07T10:21:44+00:00\" \/>\n<meta name=\"twitter:card\" content=\"summary_large_image\" \/>\n<meta name=\"twitter:label1\" content=\"Dur\u00e9e de lecture estim\u00e9e\" \/>\n\t<meta name=\"twitter:data1\" content=\"4 minutes\" \/>\n<script type=\"application\/ld+json\" class=\"yoast-schema-graph\">{\"@context\":\"https:\\\/\\\/schema.org\",\"@graph\":[{\"@type\":\"WebPage\",\"@id\":\"https:\\\/\\\/location-villa-cap-agde.com\\\/index.php\\\/politique-de-cookie\\\/\",\"url\":\"https:\\\/\\\/location-villa-cap-agde.com\\\/index.php\\\/politique-de-cookie\\\/\",\"name\":\"Politique de cookie - Villa Cap d&#039;Agde\",\"isPartOf\":{\"@id\":\"https:\\\/\\\/location-villa-cap-agde.com\\\/#website\"},\"datePublished\":\"2021-02-22T16:15:56+00:00\",\"dateModified\":\"2022-11-07T10:21:44+00:00\",\"breadcrumb\":{\"@id\":\"https:\\\/\\\/location-villa-cap-agde.com\\\/index.php\\\/politique-de-cookie\\\/#breadcrumb\"},\"inLanguage\":\"fr-FR\",\"potentialAction\":[{\"@type\":\"ReadAction\",\"target\":[\"https:\\\/\\\/location-villa-cap-agde.com\\\/index.php\\\/politique-de-cookie\\\/\"]}]},{\"@type\":\"BreadcrumbList\",\"@id\":\"https:\\\/\\\/location-villa-cap-agde.com\\\/index.php\\\/politique-de-cookie\\\/#breadcrumb\",\"itemListElement\":[{\"@type\":\"ListItem\",\"position\":1,\"name\":\"Accueil\",\"item\":\"https:\\\/\\\/location-villa-cap-agde.com\\\/\"},{\"@type\":\"ListItem\",\"position\":2,\"name\":\"Politique de cookie\"}]},{\"@type\":\"WebSite\",\"@id\":\"https:\\\/\\\/location-villa-cap-agde.com\\\/#website\",\"url\":\"https:\\\/\\\/location-villa-cap-agde.com\\\/\",\"name\":\"Villa Cap d&#039;Agde\",\"description\":\"plein sud \u00e0 150 m\u00e8tres de la plage\",\"publisher\":{\"@id\":\"https:\\\/\\\/location-villa-cap-agde.com\\\/#organization\"},\"potentialAction\":[{\"@type\":\"SearchAction\",\"target\":{\"@type\":\"EntryPoint\",\"urlTemplate\":\"https:\\\/\\\/location-villa-cap-agde.com\\\/?s={search_term_string}\"},\"query-input\":{\"@type\":\"PropertyValueSpecification\",\"valueRequired\":true,\"valueName\":\"search_term_string\"}}],\"inLanguage\":\"fr-FR\"},{\"@type\":\"Organization\",\"@id\":\"https:\\\/\\\/location-villa-cap-agde.com\\\/#organization\",\"name\":\"Villa Cap d&#039;Agde\",\"url\":\"https:\\\/\\\/location-villa-cap-agde.com\\\/\",\"logo\":{\"@type\":\"ImageObject\",\"inLanguage\":\"fr-FR\",\"@id\":\"https:\\\/\\\/location-villa-cap-agde.com\\\/#\\\/schema\\\/logo\\\/image\\\/\",\"url\":\"https:\\\/\\\/location-villa-cap-agde.com\\\/wp-content\\\/uploads\\\/2020\\\/12\\\/cropped-agde.png\",\"contentUrl\":\"https:\\\/\\\/location-villa-cap-agde.com\\\/wp-content\\\/uploads\\\/2020\\\/12\\\/cropped-agde.png\",\"width\":512,\"height\":512,\"caption\":\"Villa Cap d&#039;Agde\"},\"image\":{\"@id\":\"https:\\\/\\\/location-villa-cap-agde.com\\\/#\\\/schema\\\/logo\\\/image\\\/\"}}]}<\/script>\n<!-- \/ Yoast SEO plugin. -->","yoast_head_json":{"title":"Politique de cookie - Villa Cap d&#039;Agde","robots":{"index":"index","follow":"follow","max-snippet":"max-snippet:-1","max-image-preview":"max-image-preview:large","max-video-preview":"max-video-preview:-1"},"canonical":"https:\/\/location-villa-cap-agde.com\/index.php\/politique-de-cookie\/","og_locale":"fr_FR","og_type":"article","og_title":"Politique de cookie - Villa Cap d&#039;Agde","og_description":"Ce site utilise des cookies &#8211; de petits fichiers texte qui sont plac\u00e9s sur votre machine pour aider le site \u00e0 fournir une meilleure exp\u00e9rience utilisateur. En g\u00e9n\u00e9ral, les cookies sont utilis\u00e9s pour conserver&#46;&#46;&#46;","og_url":"https:\/\/location-villa-cap-agde.com\/index.php\/politique-de-cookie\/","og_site_name":"Villa Cap d&#039;Agde","article_modified_time":"2022-11-07T10:21:44+00:00","twitter_card":"summary_large_image","twitter_misc":{"Dur\u00e9e de lecture estim\u00e9e":"4 minutes"},"schema":{"@context":"https:\/\/schema.org","@graph":[{"@type":"WebPage","@id":"https:\/\/location-villa-cap-agde.com\/index.php\/politique-de-cookie\/","url":"https:\/\/location-villa-cap-agde.com\/index.php\/politique-de-cookie\/","name":"Politique de cookie - Villa Cap d&#039;Agde","isPartOf":{"@id":"https:\/\/location-villa-cap-agde.com\/#website"},"datePublished":"2021-02-22T16:15:56+00:00","dateModified":"2022-11-07T10:21:44+00:00","breadcrumb":{"@id":"https:\/\/location-villa-cap-agde.com\/index.php\/politique-de-cookie\/#breadcrumb"},"inLanguage":"fr-FR","potentialAction":[{"@type":"ReadAction","target":["https:\/\/location-villa-cap-agde.com\/index.php\/politique-de-cookie\/"]}]},{"@type":"BreadcrumbList","@id":"https:\/\/location-villa-cap-agde.com\/index.php\/politique-de-cookie\/#breadcrumb","itemListElement":[{"@type":"ListItem","position":1,"name":"Accueil","item":"https:\/\/location-villa-cap-agde.com\/"},{"@type":"ListItem","position":2,"name":"Politique de cookie"}]},{"@type":"WebSite","@id":"https:\/\/location-villa-cap-agde.com\/#website","url":"https:\/\/location-villa-cap-agde.com\/","name":"Villa Cap d&#039;Agde","description":"plein sud \u00e0 150 m\u00e8tres de la plage","publisher":{"@id":"https:\/\/location-villa-cap-agde.com\/#organization"},"potentialAction":[{"@type":"SearchAction","target":{"@type":"EntryPoint","urlTemplate":"https:\/\/location-villa-cap-agde.com\/?s={search_term_string}"},"query-input":{"@type":"PropertyValueSpecification","valueRequired":true,"valueName":"search_term_string"}}],"inLanguage":"fr-FR"},{"@type":"Organization","@id":"https:\/\/location-villa-cap-agde.com\/#organization","name":"Villa Cap d&#039;Agde","url":"https:\/\/location-villa-cap-agde.com\/","logo":{"@type":"ImageObject","inLanguage":"fr-FR","@id":"https:\/\/location-villa-cap-agde.com\/#\/schema\/logo\/image\/","url":"https:\/\/location-villa-cap-agde.com\/wp-content\/uploads\/2020\/12\/cropped-agde.png","contentUrl":"https:\/\/location-villa-cap-agde.com\/wp-content\/uploads\/2020\/12\/cropped-agde.png","width":512,"height":512,"caption":"Villa Cap d&#039;Agde"},"image":{"@id":"https:\/\/location-villa-cap-agde.com\/#\/schema\/logo\/image\/"}}]}},"jetpack_sharing_enabled":true,"_links":{"self":[{"href":"https:\/\/location-villa-cap-agde.com\/index.php\/wp-json\/wp\/v2\/pages\/558","targetHints":{"allow":["GET"]}}],"collection":[{"href":"https:\/\/location-villa-cap-agde.com\/index.php\/wp-json\/wp\/v2\/pages"}],"about":[{"href":"https:\/\/location-villa-cap-agde.com\/index.php\/wp-json\/wp\/v2\/types\/page"}],"author":[{"embeddable":true,"href":"https:\/\/location-villa-cap-agde.com\/index.php\/wp-json\/wp\/v2\/users\/1"}],"replies":[{"embeddable":true,"href":"https:\/\/location-villa-cap-agde.com\/index.php\/wp-json\/wp\/v2\/comments?post=558"}],"version-history":[{"count":1,"href":"https:\/\/location-villa-cap-agde.com\/index.php\/wp-json\/wp\/v2\/pages\/558\/revisions"}],"predecessor-version":[{"id":559,"href":"https:\/\/location-villa-cap-agde.com\/index.php\/wp-json\/wp\/v2\/pages\/558\/revisions\/559"}],"wp:attachment":[{"href":"https:\/\/location-villa-cap-agde.com\/index.php\/wp-json\/wp\/v2\/media?parent=558"}],"curies":[{"name":"wp","href":"https:\/\/api.w.org\/{rel}","templated":true}]}}