{"id":168,"date":"2020-01-28T09:53:10","date_gmt":"2020-01-28T08:53:10","guid":{"rendered":"http:\/\/location-villa-cap-agde.com\/?page_id=168"},"modified":"2024-01-02T11:49:34","modified_gmt":"2024-01-02T10:49:34","slug":"localisation","status":"publish","type":"page","link":"https:\/\/location-villa-cap-agde.com\/index.php\/localisation\/","title":{"rendered":"Localisation"},"content":{"rendered":"\n<h5 class=\"wp-block-heading has-text-align-center\">La villa se trouve \u00e0 150 m\u00e8tres de la plage au calme et sans vis \u00e0 vis<\/h5>\n\n\n\n<iframe src=\"https:\/\/www.google.com\/maps\/embed?pb=!1m18!1m12!1m3!1d1452.3209998388352!2d3.464840627587092!3d43.279875377147576!2m3!1f0!2f0!3f0!3m2!1i1024!2i768!4f13.1!3m3!1m2!1s0x12b13cd39b70b597%3A0xfa8ed90a6dc7009d!2s7%20Imp.%20des%20Saponaires%2C%2034300%20Agde!5e0!3m2!1sfr!2sfr!4v1704192043666!5m2!1sfr!2sfr\" width=\"600\" height=\"450\" style=\"border:0;\" allowfullscreen=\"\" loading=\"lazy\" referrerpolicy=\"no-referrer-when-downgrade\"><\/iframe>\n\n\n\n<h4 class=\"wp-block-heading has-text-align-center\"><strong>Comment venir au Cap d\u2019Agde :&nbsp;<\/strong><\/h4>\n\n\n\n<p class=\"has-white-color has-text-color has-background\" style=\"background-color:#4a6b9f\"><strong>Par la route<\/strong><\/p>\n\n\n\n<p><strong>\u2022 Autoroute A9<\/strong>, 3 \u00e9changeurs n\u00b033 \u00e0 35 desservent la destination<br><strong>\u2022 Autoroute A75<\/strong>, 5 \u00e9changeurs n\u00b058 \u00e0 61 desservent la destination<br><strong>\u2022 N9<\/strong>&nbsp;depuis B\u00e9ziers vers P\u00e9zenas<br><strong>\u2022 D609<\/strong>&nbsp;depuis Clermont l\u2019H\u00e9rault<br><strong>\u2022 D612<\/strong>&nbsp;depuis B\u00e9ziers ou S\u00e8te<br><strong>\u2022 D613<\/strong>&nbsp;depuis S\u00e8te vers Montagnac<\/p>\n\n\n\n<p>Informations routi\u00e8res :&nbsp;<a href=\"http:\/\/www.bison-fute.equipement.gouv.fr\/\" target=\"_blank\" rel=\"noreferrer noopener\">www.bison-fute.equipement.gouv.fr<\/a>&nbsp; \u2022 T\u00e9l. 0 800 100 200<\/p>\n\n\n\n<p class=\"has-white-color has-text-color has-background\" style=\"background-color:#4a6b9f\"><strong>Par le train<\/strong><\/p>\n\n\n\n<p><strong>\u2022 Gare SNCF \u00e0 Agde, B\u00e9ziers, S\u00e8te<\/strong><br>Plusieurs liaisons quotidiennes en TGV direct toute l\u2019ann\u00e9e<br>Renseignements \u2013 r\u00e9servations :&nbsp;<a href=\"http:\/\/www.oui.sncf\/\" target=\"_blank\" rel=\"noreferrer noopener\">www.oui.sncf<\/a>&nbsp;\u2022 T\u00e9l. 36 35<\/p>\n\n\n\n<p class=\"has-white-color has-text-color has-background\" style=\"background-color:#4a6b9f\"><strong>Par avion<\/strong><\/p>\n\n\n\n<p><strong>\u2022 A\u00e9roport B\u00e9ziers Cap d\u2019Agde H\u00e9rault Occitanie<\/strong><br><a href=\"http:\/\/www.beziers.aeroport.fr\/\" target=\"_blank\" rel=\"noreferrer noopener\">www.beziers.aeroport.fr<\/a>&nbsp;\u2022 T\u00e9l. +33 (0)4 67 809 909<br>Vols directs et low-cost depuis la France et l\u2019Europe<\/p>\n\n\n\n<p><strong>\u2022 A\u00e9roport Montpellier-M\u00e9diterran\u00e9e<\/strong><br><a href=\"http:\/\/www.montpellier.aeroport.fr\/\" target=\"_blank\" rel=\"noreferrer noopener\">www.montpellier.aeroport.fr<\/a>&nbsp;\u2022 T\u00e9l. +33 (0)4 67 20 85 00<br>Vols directs depuis la France<br>Vols directs et low-cost depuis l\u2019Europe et l\u2019International<br>Vols saisonniers<\/p>\n\n\n\n<p class=\"has-white-color has-text-color has-background\" style=\"background-color:#4a6b9f\"><strong>En bus \/ autocar<\/strong><\/p>\n\n\n\n<p><strong>\u2022 Cap Bus<\/strong><br>Renseignements et horaires :&nbsp;<a href=\"http:\/\/www.capbus.fr\/\" target=\"_blank\" rel=\"noreferrer noopener\">www.capbus.fr&nbsp;<\/a>\u2022 T\u00e9l. +33 (0)4 67 01 22 24<br>5 lignes r\u00e9guli\u00e8res et 5 lignes en Transport \u00e0 la Demande (TAD)<br>R\u00e9servation TAD : T\u00e9l. 0 800 350 310<\/p>\n\n\n\n<p><strong>\u2022 H\u00e9rault Transport<\/strong><br>Renseignements et horaires :&nbsp;<a href=\"http:\/\/www.herault-transport.fr\/\" target=\"_blank\" rel=\"noreferrer noopener\">www.herault-transport.fr<\/a>&nbsp;\u2022 T\u00e9l. +33 (0)4 34 888 999<br>Nombreuses lignes au d\u00e9part de B\u00e9ziers, S\u00e8te, Montpellier et P\u00e9zenas<\/p>\n","protected":false},"excerpt":{"rendered":"<p>La villa se trouve \u00e0 150 m\u00e8tres de la plage au calme et sans vis \u00e0 vis Comment venir au Cap d\u2019Agde :&nbsp; Par la route \u2022 Autoroute A9, 3 \u00e9changeurs n\u00b033 \u00e0 35&#46;&#46;&#46;<\/p>\n","protected":false},"author":1,"featured_media":0,"parent":0,"menu_order":0,"comment_status":"closed","ping_status":"closed","template":"","meta":{"footnotes":""},"class_list":["post-168","page","type-page","status-publish","hentry"],"yoast_head":"<!-- This site is optimized with the Yoast SEO plugin v27.5 - https:\/\/yoast.com\/product\/yoast-seo-wordpress\/ -->\n<title>Localisation - Villa Cap d&#039;Agde<\/title>\n<meta name=\"description\" content=\"location de vacances villa au Cap d&#039;Agde. Capacit\u00e9 de 8 personnes. Parking s\u00e9curis\u00e9. Piscine. A 150 m\u00e8tres de la plage. Tout confort\" \/>\n<meta name=\"robots\" content=\"index, follow, max-snippet:-1, max-image-preview:large, max-video-preview:-1\" \/>\n<link rel=\"canonical\" href=\"https:\/\/location-villa-cap-agde.com\/index.php\/localisation\/\" \/>\n<meta property=\"og:locale\" content=\"fr_FR\" \/>\n<meta property=\"og:type\" content=\"article\" \/>\n<meta property=\"og:title\" content=\"Localisation - Villa Cap d&#039;Agde\" \/>\n<meta property=\"og:description\" content=\"location de vacances villa au Cap d&#039;Agde. Capacit\u00e9 de 8 personnes. Parking s\u00e9curis\u00e9. Piscine. A 150 m\u00e8tres de la plage. Tout confort\" \/>\n<meta property=\"og:url\" content=\"https:\/\/location-villa-cap-agde.com\/index.php\/localisation\/\" \/>\n<meta property=\"og:site_name\" content=\"Villa Cap d&#039;Agde\" \/>\n<meta property=\"article:modified_time\" content=\"2024-01-02T10:49:34+00:00\" \/>\n<meta name=\"twitter:card\" content=\"summary_large_image\" \/>\n<meta name=\"twitter:label1\" content=\"Dur\u00e9e de lecture estim\u00e9e\" \/>\n\t<meta name=\"twitter:data1\" content=\"2 minutes\" \/>\n<script type=\"application\/ld+json\" class=\"yoast-schema-graph\">{\"@context\":\"https:\\\/\\\/schema.org\",\"@graph\":[{\"@type\":\"WebPage\",\"@id\":\"https:\\\/\\\/location-villa-cap-agde.com\\\/index.php\\\/localisation\\\/\",\"url\":\"https:\\\/\\\/location-villa-cap-agde.com\\\/index.php\\\/localisation\\\/\",\"name\":\"Localisation - Villa Cap d&#039;Agde\",\"isPartOf\":{\"@id\":\"https:\\\/\\\/location-villa-cap-agde.com\\\/#website\"},\"datePublished\":\"2020-01-28T08:53:10+00:00\",\"dateModified\":\"2024-01-02T10:49:34+00:00\",\"description\":\"location de vacances villa au Cap d'Agde. Capacit\u00e9 de 8 personnes. Parking s\u00e9curis\u00e9. Piscine. A 150 m\u00e8tres de la plage. Tout confort\",\"breadcrumb\":{\"@id\":\"https:\\\/\\\/location-villa-cap-agde.com\\\/index.php\\\/localisation\\\/#breadcrumb\"},\"inLanguage\":\"fr-FR\",\"potentialAction\":[{\"@type\":\"ReadAction\",\"target\":[\"https:\\\/\\\/location-villa-cap-agde.com\\\/index.php\\\/localisation\\\/\"]}]},{\"@type\":\"BreadcrumbList\",\"@id\":\"https:\\\/\\\/location-villa-cap-agde.com\\\/index.php\\\/localisation\\\/#breadcrumb\",\"itemListElement\":[{\"@type\":\"ListItem\",\"position\":1,\"name\":\"Accueil\",\"item\":\"https:\\\/\\\/location-villa-cap-agde.com\\\/\"},{\"@type\":\"ListItem\",\"position\":2,\"name\":\"Localisation\"}]},{\"@type\":\"WebSite\",\"@id\":\"https:\\\/\\\/location-villa-cap-agde.com\\\/#website\",\"url\":\"https:\\\/\\\/location-villa-cap-agde.com\\\/\",\"name\":\"Villa Cap d&#039;Agde\",\"description\":\"plein sud \u00e0 150 m\u00e8tres de la plage\",\"publisher\":{\"@id\":\"https:\\\/\\\/location-villa-cap-agde.com\\\/#organization\"},\"potentialAction\":[{\"@type\":\"SearchAction\",\"target\":{\"@type\":\"EntryPoint\",\"urlTemplate\":\"https:\\\/\\\/location-villa-cap-agde.com\\\/?s={search_term_string}\"},\"query-input\":{\"@type\":\"PropertyValueSpecification\",\"valueRequired\":true,\"valueName\":\"search_term_string\"}}],\"inLanguage\":\"fr-FR\"},{\"@type\":\"Organization\",\"@id\":\"https:\\\/\\\/location-villa-cap-agde.com\\\/#organization\",\"name\":\"Villa Cap d&#039;Agde\",\"url\":\"https:\\\/\\\/location-villa-cap-agde.com\\\/\",\"logo\":{\"@type\":\"ImageObject\",\"inLanguage\":\"fr-FR\",\"@id\":\"https:\\\/\\\/location-villa-cap-agde.com\\\/#\\\/schema\\\/logo\\\/image\\\/\",\"url\":\"https:\\\/\\\/location-villa-cap-agde.com\\\/wp-content\\\/uploads\\\/2020\\\/12\\\/cropped-agde.png\",\"contentUrl\":\"https:\\\/\\\/location-villa-cap-agde.com\\\/wp-content\\\/uploads\\\/2020\\\/12\\\/cropped-agde.png\",\"width\":512,\"height\":512,\"caption\":\"Villa Cap d&#039;Agde\"},\"image\":{\"@id\":\"https:\\\/\\\/location-villa-cap-agde.com\\\/#\\\/schema\\\/logo\\\/image\\\/\"}}]}<\/script>\n<!-- \/ Yoast SEO plugin. -->","yoast_head_json":{"title":"Localisation - Villa Cap d&#039;Agde","description":"location de vacances villa au Cap d'Agde. Capacit\u00e9 de 8 personnes. Parking s\u00e9curis\u00e9. Piscine. A 150 m\u00e8tres de la plage. Tout confort","robots":{"index":"index","follow":"follow","max-snippet":"max-snippet:-1","max-image-preview":"max-image-preview:large","max-video-preview":"max-video-preview:-1"},"canonical":"https:\/\/location-villa-cap-agde.com\/index.php\/localisation\/","og_locale":"fr_FR","og_type":"article","og_title":"Localisation - Villa Cap d&#039;Agde","og_description":"location de vacances villa au Cap d'Agde. Capacit\u00e9 de 8 personnes. Parking s\u00e9curis\u00e9. Piscine. A 150 m\u00e8tres de la plage. Tout confort","og_url":"https:\/\/location-villa-cap-agde.com\/index.php\/localisation\/","og_site_name":"Villa Cap d&#039;Agde","article_modified_time":"2024-01-02T10:49:34+00:00","twitter_card":"summary_large_image","twitter_misc":{"Dur\u00e9e de lecture estim\u00e9e":"2 minutes"},"schema":{"@context":"https:\/\/schema.org","@graph":[{"@type":"WebPage","@id":"https:\/\/location-villa-cap-agde.com\/index.php\/localisation\/","url":"https:\/\/location-villa-cap-agde.com\/index.php\/localisation\/","name":"Localisation - Villa Cap d&#039;Agde","isPartOf":{"@id":"https:\/\/location-villa-cap-agde.com\/#website"},"datePublished":"2020-01-28T08:53:10+00:00","dateModified":"2024-01-02T10:49:34+00:00","description":"location de vacances villa au Cap d'Agde. Capacit\u00e9 de 8 personnes. Parking s\u00e9curis\u00e9. Piscine. A 150 m\u00e8tres de la plage. Tout confort","breadcrumb":{"@id":"https:\/\/location-villa-cap-agde.com\/index.php\/localisation\/#breadcrumb"},"inLanguage":"fr-FR","potentialAction":[{"@type":"ReadAction","target":["https:\/\/location-villa-cap-agde.com\/index.php\/localisation\/"]}]},{"@type":"BreadcrumbList","@id":"https:\/\/location-villa-cap-agde.com\/index.php\/localisation\/#breadcrumb","itemListElement":[{"@type":"ListItem","position":1,"name":"Accueil","item":"https:\/\/location-villa-cap-agde.com\/"},{"@type":"ListItem","position":2,"name":"Localisation"}]},{"@type":"WebSite","@id":"https:\/\/location-villa-cap-agde.com\/#website","url":"https:\/\/location-villa-cap-agde.com\/","name":"Villa Cap d&#039;Agde","description":"plein sud \u00e0 150 m\u00e8tres de la plage","publisher":{"@id":"https:\/\/location-villa-cap-agde.com\/#organization"},"potentialAction":[{"@type":"SearchAction","target":{"@type":"EntryPoint","urlTemplate":"https:\/\/location-villa-cap-agde.com\/?s={search_term_string}"},"query-input":{"@type":"PropertyValueSpecification","valueRequired":true,"valueName":"search_term_string"}}],"inLanguage":"fr-FR"},{"@type":"Organization","@id":"https:\/\/location-villa-cap-agde.com\/#organization","name":"Villa Cap d&#039;Agde","url":"https:\/\/location-villa-cap-agde.com\/","logo":{"@type":"ImageObject","inLanguage":"fr-FR","@id":"https:\/\/location-villa-cap-agde.com\/#\/schema\/logo\/image\/","url":"https:\/\/location-villa-cap-agde.com\/wp-content\/uploads\/2020\/12\/cropped-agde.png","contentUrl":"https:\/\/location-villa-cap-agde.com\/wp-content\/uploads\/2020\/12\/cropped-agde.png","width":512,"height":512,"caption":"Villa Cap d&#039;Agde"},"image":{"@id":"https:\/\/location-villa-cap-agde.com\/#\/schema\/logo\/image\/"}}]}},"jetpack_sharing_enabled":true,"_links":{"self":[{"href":"https:\/\/location-villa-cap-agde.com\/index.php\/wp-json\/wp\/v2\/pages\/168","targetHints":{"allow":["GET"]}}],"collection":[{"href":"https:\/\/location-villa-cap-agde.com\/index.php\/wp-json\/wp\/v2\/pages"}],"about":[{"href":"https:\/\/location-villa-cap-agde.com\/index.php\/wp-json\/wp\/v2\/types\/page"}],"author":[{"embeddable":true,"href":"https:\/\/location-villa-cap-agde.com\/index.php\/wp-json\/wp\/v2\/users\/1"}],"replies":[{"embeddable":true,"href":"https:\/\/location-villa-cap-agde.com\/index.php\/wp-json\/wp\/v2\/comments?post=168"}],"version-history":[{"count":17,"href":"https:\/\/location-villa-cap-agde.com\/index.php\/wp-json\/wp\/v2\/pages\/168\/revisions"}],"predecessor-version":[{"id":1440,"href":"https:\/\/location-villa-cap-agde.com\/index.php\/wp-json\/wp\/v2\/pages\/168\/revisions\/1440"}],"wp:attachment":[{"href":"https:\/\/location-villa-cap-agde.com\/index.php\/wp-json\/wp\/v2\/media?parent=168"}],"curies":[{"name":"wp","href":"https:\/\/api.w.org\/{rel}","templated":true}]}}

<h5 class="wp-block-heading has-text-align-center">La villa se trouve à 150 mètres de la plage au calme et sans vis à vis</h5>



<iframe src="https://www.google.com/maps/embed?pb=!1m18!1m12!1m3!1d1452.3209998388352!2d3.464840627587092!3d43.279875377147576!2m3!1f0!2f0!3f0!3m2!1i1024!2i768!4f13.1!3m3!1m2!1s0x12b13cd39b70b597%3A0xfa8ed90a6dc7009d!2s7%20Imp.%20des%20Saponaires%2C%2034300%20Agde!5e0!3m2!1sfr!2sfr!4v1704192043666!5m2!1sfr!2sfr" width="600" height="450" style="border:0;" allowfullscreen="" loading="lazy" referrerpolicy="no-referrer-when-downgrade"></iframe>



<h4 class="wp-block-heading has-text-align-center"><strong>Comment venir au Cap d’Agde :&nbsp;</strong></h4>



<p class="has-white-color has-text-color has-background" style="background-color:#4a6b9f"><strong>Par la route</strong></p>



<p><strong>• Autoroute A9</strong>, 3 échangeurs n°33 à 35 desservent la destination<br><strong>• Autoroute A75</strong>, 5 échangeurs n°58 à 61 desservent la destination<br><strong>• N9</strong>&nbsp;depuis Béziers vers Pézenas<br><strong>• D609</strong>&nbsp;depuis Clermont l’Hérault<br><strong>• D612</strong>&nbsp;depuis Béziers ou Sète<br><strong>• D613</strong>&nbsp;depuis Sète vers Montagnac</p>



<p>Informations routières :&nbsp;<a href="http://www.bison-fute.equipement.gouv.fr/" target="_blank" rel="noreferrer noopener">www.bison-fute.equipement.gouv.fr</a>&nbsp; • Tél. 0 800 100 200</p>



<p class="has-white-color has-text-color has-background" style="background-color:#4a6b9f"><strong>Par le train</strong></p>



<p><strong>• Gare SNCF à Agde, Béziers, Sète</strong><br>Plusieurs liaisons quotidiennes en TGV direct toute l’année<br>Renseignements – réservations :&nbsp;<a href="http://www.oui.sncf/" target="_blank" rel="noreferrer noopener">www.oui.sncf</a>&nbsp;• Tél. 36 35</p>



<p class="has-white-color has-text-color has-background" style="background-color:#4a6b9f"><strong>Par avion</strong></p>



<p><strong>• Aéroport Béziers Cap d’Agde Hérault Occitanie</strong><br><a href="http://www.beziers.aeroport.fr/" target="_blank" rel="noreferrer noopener">www.beziers.aeroport.fr</a>&nbsp;• Tél. +33 (0)4 67 809 909<br>Vols directs et low-cost depuis la France et l’Europe</p>



<p><strong>• Aéroport Montpellier-Méditerranée</strong><br><a href="http://www.montpellier.aeroport.fr/" target="_blank" rel="noreferrer noopener">www.montpellier.aeroport.fr</a>&nbsp;• Tél. +33 (0)4 67 20 85 00<br>Vols directs depuis la France<br>Vols directs et low-cost depuis l’Europe et l’International<br>Vols saisonniers</p>



<p class="has-white-color has-text-color has-background" style="background-color:#4a6b9f"><strong>En bus / autocar</strong></p>



<p><strong>• Cap Bus</strong><br>Renseignements et horaires :&nbsp;<a href="http://www.capbus.fr/" target="_blank" rel="noreferrer noopener">www.capbus.fr&nbsp;</a>• Tél. +33 (0)4 67 01 22 24<br>5 lignes régulières et 5 lignes en Transport à la Demande (TAD)<br>Réservation TAD : Tél. 0 800 350 310</p>



<p><strong>• Hérault Transport</strong><br>Renseignements et horaires :&nbsp;<a href="http://www.herault-transport.fr/" target="_blank" rel="noreferrer noopener">www.herault-transport.fr</a>&nbsp;• Tél. +33 (0)4 34 888 999<br>Nombreuses lignes au départ de Béziers, Sète, Montpellier et Pézenas</p>

<p>La villa se trouve à 150 mètres de la plage au calme et sans vis à vis Comment venir au Cap d’Agde :&nbsp; Par la route • Autoroute A9, 3 échangeurs n°33 à 35&#46;&#46;&#46;</p>

<!-- This site is optimized with the Yoast SEO plugin v27.5 - https://yoast.com/product/yoast-seo-wordpress/ -->
<title>Localisation - Villa Cap d&#039;Agde</title>
<meta name="description" content="location de vacances villa au Cap d&#039;Agde. Capacité de 8 personnes. Parking sécurisé. Piscine. A 150 mètres de la plage. Tout confort" />
<meta name="robots" content="index, follow, max-snippet:-1, max-image-preview:large, max-video-preview:-1" />
<link rel="canonical" href="https://location-villa-cap-agde.com/index.php/localisation/" />
<meta property="og:locale" content="fr_FR" />
<meta property="og:type" content="article" />
<meta property="og:title" content="Localisation - Villa Cap d&#039;Agde" />
<meta property="og:description" content="location de vacances villa au Cap d&#039;Agde. Capacité de 8 personnes. Parking sécurisé. Piscine. A 150 mètres de la plage. Tout confort" />
<meta property="og:url" content="https://location-villa-cap-agde.com/index.php/localisation/" />
<meta property="og:site_name" content="Villa Cap d&#039;Agde" />
<meta property="article:modified_time" content="2024-01-02T10:49:34+00:00" />
<meta name="twitter:card" content="summary_large_image" />
<meta name="twitter:label1" content="Durée de lecture estimée" />
	<meta name="twitter:data1" content="2 minutes" />
<script type="application/ld+json" class="yoast-schema-graph">{"@context":"https:\/\/schema.org","@graph":[{"@type":"WebPage","@id":"https:\/\/location-villa-cap-agde.com\/index.php\/localisation\/","url":"https:\/\/location-villa-cap-agde.com\/index.php\/localisation\/","name":"Localisation - Villa Cap d&#039;Agde","isPartOf":{"@id":"https:\/\/location-villa-cap-agde.com\/#website"},"datePublished":"2020-01-28T08:53:10+00:00","dateModified":"2024-01-02T10:49:34+00:00","description":"location de vacances villa au Cap d'Agde. Capacité de 8 personnes. Parking sécurisé. Piscine. A 150 mètres de la plage. Tout confort","breadcrumb":{"@id":"https:\/\/location-villa-cap-agde.com\/index.php\/localisation\/#breadcrumb"},"inLanguage":"fr-FR","potentialAction":[{"@type":"ReadAction","target":["https:\/\/location-villa-cap-agde.com\/index.php\/localisation\/"]}]},{"@type":"BreadcrumbList","@id":"https:\/\/location-villa-cap-agde.com\/index.php\/localisation\/#breadcrumb","itemListElement":[{"@type":"ListItem","position":1,"name":"Accueil","item":"https:\/\/location-villa-cap-agde.com\/"},{"@type":"ListItem","position":2,"name":"Localisation"}]},{"@type":"WebSite","@id":"https:\/\/location-villa-cap-agde.com\/#website","url":"https:\/\/location-villa-cap-agde.com\/","name":"Villa Cap d&#039;Agde","description":"plein sud à 150 mètres de la plage","publisher":{"@id":"https:\/\/location-villa-cap-agde.com\/#organization"},"potentialAction":[{"@type":"SearchAction","target":{"@type":"EntryPoint","urlTemplate":"https:\/\/location-villa-cap-agde.com\/?s={search_term_string}"},"query-input":{"@type":"PropertyValueSpecification","valueRequired":true,"valueName":"search_term_string"}}],"inLanguage":"fr-FR"},{"@type":"Organization","@id":"https:\/\/location-villa-cap-agde.com\/#organization","name":"Villa Cap d&#039;Agde","url":"https:\/\/location-villa-cap-agde.com\/","logo":{"@type":"ImageObject","inLanguage":"fr-FR","@id":"https:\/\/location-villa-cap-agde.com\/#\/schema\/logo\/image\/","url":"https:\/\/location-villa-cap-agde.com\/wp-content\/uploads\/2020\/12\/cropped-agde.png","contentUrl":"https:\/\/location-villa-cap-agde.com\/wp-content\/uploads\/2020\/12\/cropped-agde.png","width":512,"height":512,"caption":"Villa Cap d&#039;Agde"},"image":{"@id":"https:\/\/location-villa-cap-agde.com\/#\/schema\/logo\/image\/"}}]}</script>
<!-- / Yoast SEO plugin. -->

location de vacances villa au Cap d'Agde. Capacité de 8 personnes. Parking sécurisé. Piscine. A 150 mètres de la plage. Tout confort

plein sud à 150 mètres de la plage
