{"id":127,"date":"2020-01-27T14:32:26","date_gmt":"2020-01-27T13:32:26","guid":{"rendered":"http:\/\/location-villa-cap-agde.com\/?page_id=127"},"modified":"2024-01-05T12:13:27","modified_gmt":"2024-01-05T11:13:27","slug":"disponibilites-reservation","status":"publish","type":"page","link":"https:\/\/location-villa-cap-agde.com\/index.php\/disponibilites-reservation\/","title":{"rendered":"R\u00e9server"},"content":{"rendered":"\n<div style=\"height:10px\" aria-hidden=\"true\" class=\"wp-block-spacer\"><\/div>\n\n\n\n<div class=\"wp-block-columns is-layout-flex wp-container-core-columns-is-layout-9d6595d7 wp-block-columns-is-layout-flex\">\n<div class=\"wp-block-column is-layout-flow wp-block-column-is-layout-flow\"><div class=\"mphb_sc_availability_calendar-wrapper\">\t<div class=\"mphb-calendar mphb-datepick inlinePicker mphb-calendar--direct-booking\" data-room-type-id=\"117\" data-monthstoshow=\"1\" data-is_show_prices=\"0\" data-is_truncate_prices=\"1\" data-is_show_prices_currency=\"0\" data-first_available_check_in_date=\"2026-05-20\"><\/div>\n\t<\/div>\n\n\n<div class=\"mphb_sc_room-wrapper \"><div class=\"mphb-room-type post-117 mphb_room_type type-mphb_room_type status-publish mphb-room-type-adults-8 mphb-room-type-children-6 has-taxes-and-fees\">\n\n\t\n\t\n<h2 class=\"mphb-room-type-title entry-title\">\n\n<a class=\"mphb-room-type-title\" href=\"https:\/\/location-villa-cap-agde.com\/index.php\/accommodation\/villa-cap-dagde\/\">Villa Cap d&rsquo;Agde<\/a>\n\n<\/h2>\n\n\n\n<h3 class=\"mphb-room-type-details-title\">D\u00e9tails<\/h3><ul class=\"mphb-loop-room-type-attributes\">\n\t<li class=\"mphb-room-type-total-capacity\"><span class=\"mphb-attribute-title mphb-total-capacity-title\">Invit\u00e9s:<\/span><span class=\"mphb-attribute-value\">\n\t8\n\t<\/span><\/li>\t\n\n\n\n\n\n\n\n\n\n\n<\/ul>\n\n<div class=\"mphb-to-book-btn-wrapper\">\n<form action=\"https:\/\/location-villa-cap-agde.com\/index.php\/accommodation\/villa-cap-dagde\/#booking-form-117\" method=\"get\" ><button type=\"submit\" class=\"button mphb-book-button\" >R\u00e9server<\/button><\/form>\n<br\/><\/div>\n\t\n<\/div>\n<\/div>\n<\/div>\n\n\n\n<div class=\"wp-block-column is-layout-flow wp-block-column-is-layout-flow\">\n<h6 class=\"wp-block-heading has-text-align-center has-white-color has-text-color has-background\" style=\"background-color:#0e2d3d\"><strong>LOCATION MINIMUM 7 NUITS<\/strong><\/h6>\n\n\n\n<p class=\"has-text-align-justify\">Des questions, des pr\u00e9cisions n\u2019h\u00e9sitez pas \u00e0 nous appeler<br><strong>T\u00e9l : <\/strong>06 26 09 01 80<br>+33 626 09 01 80 depuis l\u2019\u00e9tranger.<br><strong>Mail :<\/strong>\u00a0<a href=\"https:\/\/location-villa-cap-agde.com\/index.php\/contact\/\">Cliquez ici<\/a><\/p>\n<\/div>\n<\/div>\n","protected":false},"excerpt":{"rendered":"<p>LOCATION MINIMUM 7 NUITS Des questions, des pr\u00e9cisions n\u2019h\u00e9sitez pas \u00e0 nous appelerT\u00e9l : 06 26 09 01 80+33 626 09 01 80 depuis l\u2019\u00e9tranger.Mail :\u00a0Cliquez ici<\/p>\n","protected":false},"author":1,"featured_media":415,"parent":0,"menu_order":0,"comment_status":"closed","ping_status":"closed","template":"","meta":{"footnotes":""},"class_list":["post-127","page","type-page","status-publish","has-post-thumbnail","hentry"],"yoast_head":"<!-- This site is optimized with the Yoast SEO plugin v27.4 - https:\/\/yoast.com\/product\/yoast-seo-wordpress\/ -->\n<title>R\u00e9server - Villa Cap d&#039;Agde<\/title>\n<meta name=\"robots\" content=\"index, follow, max-snippet:-1, max-image-preview:large, max-video-preview:-1\" \/>\n<link rel=\"canonical\" href=\"https:\/\/location-villa-cap-agde.com\/index.php\/disponibilites-reservation\/\" \/>\n<meta property=\"og:locale\" content=\"fr_FR\" \/>\n<meta property=\"og:type\" content=\"article\" \/>\n<meta property=\"og:title\" content=\"R\u00e9server - Villa Cap d&#039;Agde\" \/>\n<meta property=\"og:description\" content=\"LOCATION MINIMUM 7 NUITS Des questions, des pr\u00e9cisions n\u2019h\u00e9sitez pas \u00e0 nous appelerT\u00e9l : 06 26 09 01 80+33 626 09 01 80 depuis l\u2019\u00e9tranger.Mail :\u00a0Cliquez ici\" \/>\n<meta property=\"og:url\" content=\"https:\/\/location-villa-cap-agde.com\/index.php\/disponibilites-reservation\/\" \/>\n<meta property=\"og:site_name\" content=\"Villa Cap d&#039;Agde\" \/>\n<meta property=\"article:modified_time\" content=\"2024-01-05T11:13:27+00:00\" \/>\n<meta property=\"og:image\" content=\"https:\/\/location-villa-cap-agde.com\/wp-content\/uploads\/2020\/05\/cap_agde07.jpg\" \/>\n\t<meta property=\"og:image:width\" content=\"1380\" \/>\n\t<meta property=\"og:image:height\" content=\"918\" \/>\n\t<meta property=\"og:image:type\" content=\"image\/jpeg\" \/>\n<meta name=\"twitter:card\" content=\"summary_large_image\" \/>\n<meta name=\"twitter:label1\" content=\"Dur\u00e9e de lecture estim\u00e9e\" \/>\n\t<meta name=\"twitter:data1\" content=\"1 minute\" \/>\n<script type=\"application\/ld+json\" class=\"yoast-schema-graph\">{\"@context\":\"https:\\\/\\\/schema.org\",\"@graph\":[{\"@type\":\"WebPage\",\"@id\":\"https:\\\/\\\/location-villa-cap-agde.com\\\/index.php\\\/disponibilites-reservation\\\/\",\"url\":\"https:\\\/\\\/location-villa-cap-agde.com\\\/index.php\\\/disponibilites-reservation\\\/\",\"name\":\"R\u00e9server - Villa Cap d&#039;Agde\",\"isPartOf\":{\"@id\":\"https:\\\/\\\/location-villa-cap-agde.com\\\/#website\"},\"primaryImageOfPage\":{\"@id\":\"https:\\\/\\\/location-villa-cap-agde.com\\\/index.php\\\/disponibilites-reservation\\\/#primaryimage\"},\"image\":{\"@id\":\"https:\\\/\\\/location-villa-cap-agde.com\\\/index.php\\\/disponibilites-reservation\\\/#primaryimage\"},\"thumbnailUrl\":\"https:\\\/\\\/location-villa-cap-agde.com\\\/wp-content\\\/uploads\\\/2020\\\/05\\\/cap_agde07.jpg\",\"datePublished\":\"2020-01-27T13:32:26+00:00\",\"dateModified\":\"2024-01-05T11:13:27+00:00\",\"breadcrumb\":{\"@id\":\"https:\\\/\\\/location-villa-cap-agde.com\\\/index.php\\\/disponibilites-reservation\\\/#breadcrumb\"},\"inLanguage\":\"fr-FR\",\"potentialAction\":[{\"@type\":\"ReadAction\",\"target\":[\"https:\\\/\\\/location-villa-cap-agde.com\\\/index.php\\\/disponibilites-reservation\\\/\"]}]},{\"@type\":\"ImageObject\",\"inLanguage\":\"fr-FR\",\"@id\":\"https:\\\/\\\/location-villa-cap-agde.com\\\/index.php\\\/disponibilites-reservation\\\/#primaryimage\",\"url\":\"https:\\\/\\\/location-villa-cap-agde.com\\\/wp-content\\\/uploads\\\/2020\\\/05\\\/cap_agde07.jpg\",\"contentUrl\":\"https:\\\/\\\/location-villa-cap-agde.com\\\/wp-content\\\/uploads\\\/2020\\\/05\\\/cap_agde07.jpg\",\"width\":1380,\"height\":918},{\"@type\":\"BreadcrumbList\",\"@id\":\"https:\\\/\\\/location-villa-cap-agde.com\\\/index.php\\\/disponibilites-reservation\\\/#breadcrumb\",\"itemListElement\":[{\"@type\":\"ListItem\",\"position\":1,\"name\":\"Accueil\",\"item\":\"https:\\\/\\\/location-villa-cap-agde.com\\\/\"},{\"@type\":\"ListItem\",\"position\":2,\"name\":\"R\u00e9server\"}]},{\"@type\":\"WebSite\",\"@id\":\"https:\\\/\\\/location-villa-cap-agde.com\\\/#website\",\"url\":\"https:\\\/\\\/location-villa-cap-agde.com\\\/\",\"name\":\"Villa Cap d&#039;Agde\",\"description\":\"plein sud \u00e0 150 m\u00e8tres de la plage\",\"publisher\":{\"@id\":\"https:\\\/\\\/location-villa-cap-agde.com\\\/#organization\"},\"potentialAction\":[{\"@type\":\"SearchAction\",\"target\":{\"@type\":\"EntryPoint\",\"urlTemplate\":\"https:\\\/\\\/location-villa-cap-agde.com\\\/?s={search_term_string}\"},\"query-input\":{\"@type\":\"PropertyValueSpecification\",\"valueRequired\":true,\"valueName\":\"search_term_string\"}}],\"inLanguage\":\"fr-FR\"},{\"@type\":\"Organization\",\"@id\":\"https:\\\/\\\/location-villa-cap-agde.com\\\/#organization\",\"name\":\"Villa Cap d&#039;Agde\",\"url\":\"https:\\\/\\\/location-villa-cap-agde.com\\\/\",\"logo\":{\"@type\":\"ImageObject\",\"inLanguage\":\"fr-FR\",\"@id\":\"https:\\\/\\\/location-villa-cap-agde.com\\\/#\\\/schema\\\/logo\\\/image\\\/\",\"url\":\"https:\\\/\\\/location-villa-cap-agde.com\\\/wp-content\\\/uploads\\\/2020\\\/12\\\/cropped-agde.png\",\"contentUrl\":\"https:\\\/\\\/location-villa-cap-agde.com\\\/wp-content\\\/uploads\\\/2020\\\/12\\\/cropped-agde.png\",\"width\":512,\"height\":512,\"caption\":\"Villa Cap d&#039;Agde\"},\"image\":{\"@id\":\"https:\\\/\\\/location-villa-cap-agde.com\\\/#\\\/schema\\\/logo\\\/image\\\/\"}}]}<\/script>\n<!-- \/ Yoast SEO plugin. -->","yoast_head_json":{"title":"R\u00e9server - Villa Cap d&#039;Agde","robots":{"index":"index","follow":"follow","max-snippet":"max-snippet:-1","max-image-preview":"max-image-preview:large","max-video-preview":"max-video-preview:-1"},"canonical":"https:\/\/location-villa-cap-agde.com\/index.php\/disponibilites-reservation\/","og_locale":"fr_FR","og_type":"article","og_title":"R\u00e9server - Villa Cap d&#039;Agde","og_description":"LOCATION MINIMUM 7 NUITS Des questions, des pr\u00e9cisions n\u2019h\u00e9sitez pas \u00e0 nous appelerT\u00e9l : 06 26 09 01 80+33 626 09 01 80 depuis l\u2019\u00e9tranger.Mail :\u00a0Cliquez ici","og_url":"https:\/\/location-villa-cap-agde.com\/index.php\/disponibilites-reservation\/","og_site_name":"Villa Cap d&#039;Agde","article_modified_time":"2024-01-05T11:13:27+00:00","og_image":[{"width":1380,"height":918,"url":"https:\/\/location-villa-cap-agde.com\/wp-content\/uploads\/2020\/05\/cap_agde07.jpg","type":"image\/jpeg"}],"twitter_card":"summary_large_image","twitter_misc":{"Dur\u00e9e de lecture estim\u00e9e":"1 minute"},"schema":{"@context":"https:\/\/schema.org","@graph":[{"@type":"WebPage","@id":"https:\/\/location-villa-cap-agde.com\/index.php\/disponibilites-reservation\/","url":"https:\/\/location-villa-cap-agde.com\/index.php\/disponibilites-reservation\/","name":"R\u00e9server - Villa Cap d&#039;Agde","isPartOf":{"@id":"https:\/\/location-villa-cap-agde.com\/#website"},"primaryImageOfPage":{"@id":"https:\/\/location-villa-cap-agde.com\/index.php\/disponibilites-reservation\/#primaryimage"},"image":{"@id":"https:\/\/location-villa-cap-agde.com\/index.php\/disponibilites-reservation\/#primaryimage"},"thumbnailUrl":"https:\/\/location-villa-cap-agde.com\/wp-content\/uploads\/2020\/05\/cap_agde07.jpg","datePublished":"2020-01-27T13:32:26+00:00","dateModified":"2024-01-05T11:13:27+00:00","breadcrumb":{"@id":"https:\/\/location-villa-cap-agde.com\/index.php\/disponibilites-reservation\/#breadcrumb"},"inLanguage":"fr-FR","potentialAction":[{"@type":"ReadAction","target":["https:\/\/location-villa-cap-agde.com\/index.php\/disponibilites-reservation\/"]}]},{"@type":"ImageObject","inLanguage":"fr-FR","@id":"https:\/\/location-villa-cap-agde.com\/index.php\/disponibilites-reservation\/#primaryimage","url":"https:\/\/location-villa-cap-agde.com\/wp-content\/uploads\/2020\/05\/cap_agde07.jpg","contentUrl":"https:\/\/location-villa-cap-agde.com\/wp-content\/uploads\/2020\/05\/cap_agde07.jpg","width":1380,"height":918},{"@type":"BreadcrumbList","@id":"https:\/\/location-villa-cap-agde.com\/index.php\/disponibilites-reservation\/#breadcrumb","itemListElement":[{"@type":"ListItem","position":1,"name":"Accueil","item":"https:\/\/location-villa-cap-agde.com\/"},{"@type":"ListItem","position":2,"name":"R\u00e9server"}]},{"@type":"WebSite","@id":"https:\/\/location-villa-cap-agde.com\/#website","url":"https:\/\/location-villa-cap-agde.com\/","name":"Villa Cap d&#039;Agde","description":"plein sud \u00e0 150 m\u00e8tres de la plage","publisher":{"@id":"https:\/\/location-villa-cap-agde.com\/#organization"},"potentialAction":[{"@type":"SearchAction","target":{"@type":"EntryPoint","urlTemplate":"https:\/\/location-villa-cap-agde.com\/?s={search_term_string}"},"query-input":{"@type":"PropertyValueSpecification","valueRequired":true,"valueName":"search_term_string"}}],"inLanguage":"fr-FR"},{"@type":"Organization","@id":"https:\/\/location-villa-cap-agde.com\/#organization","name":"Villa Cap d&#039;Agde","url":"https:\/\/location-villa-cap-agde.com\/","logo":{"@type":"ImageObject","inLanguage":"fr-FR","@id":"https:\/\/location-villa-cap-agde.com\/#\/schema\/logo\/image\/","url":"https:\/\/location-villa-cap-agde.com\/wp-content\/uploads\/2020\/12\/cropped-agde.png","contentUrl":"https:\/\/location-villa-cap-agde.com\/wp-content\/uploads\/2020\/12\/cropped-agde.png","width":512,"height":512,"caption":"Villa Cap d&#039;Agde"},"image":{"@id":"https:\/\/location-villa-cap-agde.com\/#\/schema\/logo\/image\/"}}]}},"jetpack_sharing_enabled":true,"_links":{"self":[{"href":"https:\/\/location-villa-cap-agde.com\/index.php\/wp-json\/wp\/v2\/pages\/127","targetHints":{"allow":["GET"]}}],"collection":[{"href":"https:\/\/location-villa-cap-agde.com\/index.php\/wp-json\/wp\/v2\/pages"}],"about":[{"href":"https:\/\/location-villa-cap-agde.com\/index.php\/wp-json\/wp\/v2\/types\/page"}],"author":[{"embeddable":true,"href":"https:\/\/location-villa-cap-agde.com\/index.php\/wp-json\/wp\/v2\/users\/1"}],"replies":[{"embeddable":true,"href":"https:\/\/location-villa-cap-agde.com\/index.php\/wp-json\/wp\/v2\/comments?post=127"}],"version-history":[{"count":60,"href":"https:\/\/location-villa-cap-agde.com\/index.php\/wp-json\/wp\/v2\/pages\/127\/revisions"}],"predecessor-version":[{"id":1480,"href":"https:\/\/location-villa-cap-agde.com\/index.php\/wp-json\/wp\/v2\/pages\/127\/revisions\/1480"}],"wp:featuredmedia":[{"embeddable":true,"href":"https:\/\/location-villa-cap-agde.com\/index.php\/wp-json\/wp\/v2\/media\/415"}],"wp:attachment":[{"href":"https:\/\/location-villa-cap-agde.com\/index.php\/wp-json\/wp\/v2\/media?parent=127"}],"curies":[{"name":"wp","href":"https:\/\/api.w.org\/{rel}","templated":true}]}}